 2*h(u). Let k = -1 - -4. Give v(k).
1
Let j(q) be the third derivative of -q**6/120 - q**5/60 + 7*q**3/6 + 11*q**2. Let i be 4/(-10) - (-4)/10. Determine j(i).
7
Let b(f) be the third derivative of -f**5/60 + 5*f**4/24 - f**3/3 - 27*f**2. What is b(7)?
-16
Let z be ((-1)/1)/((-2)/6). Let v(g) = 2*g**2 - 5*g. Suppose -4*w + 5 = w. Let p(f) = -f**2 + f - 1. Let a(k) = w*p(k) + v(k). Give a(z).
-4
Let a(f) = 7 - 8*f + 8*f + 2*f. Give a(5).
17
Let u(m) = -2 - m**2 + m - m**3 - 3*m - 2*m**2. Let v be u(-3). Let j(g) = g**3 + 4*g**2 + g + 4*g**3 - v*g**3. Determine j(-3).
6
Let v(r) = r**2 - r**2 - r**2 + 2*r**2 - 11 + r + r**3. Give v(0).
-11
Let m be -1*(-2 - -3)*-6. Suppose -2*o + m*o = -12. Let t(g) be the third derivative of g**4/8 + g**3/6 + g**2. Calculate t(o).
-8
Let b(n) = -2*n**2 + 1. Suppose -40 = -0*m - 5*m. Let x(y) = y**2 - 7*y - 9. Let v be x(m). Calculate b(v).
-1
Let o(v) = -10*v + 1. Suppose -3*d + 8*d = 5. Calculate o(d).
-9
Let h(z) be the first derivative of 0*z - 4 + 1/2*z**2. Calculate h(2).
2
Let p be 2/(4/6*-3). Let t(d) = -12*d**3 - 2*d**2. Let k(h) = -h**3 - h. Let a(l) = p*t(l) - k(l). Determine a(-1).
-12
Suppose 3*n + 38 = 4*j, 0*j - 5*n = 4*j - 22. Let c(u) = u**2 - 2*u**2 + 1 + 0*u + j*u - 3*u. Calculate c(3).
7
Suppose 2*o = 6, 3*c + o - 12 = -0. Let a(s) be the third derivative of -s**3 - s**2 + 1/24*s**4 + 0 + 0*s. Determine a(c).
-3
Let t be (-7 + 6)/(1/4*2). Let f(c) = -2*c**2 + 3*c + 1. Give f(t).
-13
Suppose -4*v = 5*g + 11, -3*g - 4 = -4*v + 9. Let p = 3 - v. Let u(q) = 2 + p*q + 0 - 4. Calculate u(-2).
-6
Let y(d) = 3 + 36*d**3 + 27*d**3 - 64*d**3 + d**2. Give y(3).
-15
Suppose 5*o = 6*o - 3. Let i(d) = d**3 - d**2 - 5*d + 2. What is i(o)?
5
Let k(j) = -j + 1. Let l be (-2)/(-4*3/(-6)). Suppose t - r + 7 = -2*r, 0 = 4*t - 5*r + 55. Let q be (3/6)/(l/t). Determine k(q).
-4
Let y(u) = u**3 - 6*u**2 + 4*u. Let w be y(6). Suppose -i = 3*i + w. Let z be 40/15 + 4/i. Let r(b) = b. Determine r(z).
2
Let n(a) be the first derivative of -a**5/30 + a**4/8 + 3*a**2/2 - 2. Let v(b) be the second derivative of n(b). What is v(3)?
-9
Let p(h) = 5*h**3 - 9*h**2 - h - 2. Let r(l) = l**3 - l**2. Let v(a) = p(a) - 4*r(a). Let z(s) = 2*s**3 - 55*s**2 + 28*s - 22. Let d be z(27). Give v(d).
-7
Let n(d) be the second derivative of d**7/840 - d**5/40 + d**4/24 + d**3/2 + 3*d. Let t(u) be the second derivative of n(u). Calculate t(2).
3
Let d(i) = -3*i - 1. Let y(f) be the third derivative of 5*f**4/24 + 3*f**2. Let r be y(-1). Calculate d(r).
14
Let z(b) = -6*b**2 + 3*b**2 - 2 + 2*b**2 + 4*b**2. Give z(2).
10
Let l(s) = -10*s - 4 + 4. Let q(v) = -v - 1. Let r(t) = -5*t - 3. Let a(d) = 6*q(d) - r(d). Let f be a(-4). What is l(f)?
-10
Let u(y) = -y**2 - 5*y - 6. Let v(w) = w + 3 - 2 - 2*w + 0*w. Let d(q) = -u(q) - 2*v(q). Give d(-7).
4
Let j(s) = s - 1 + 0 - 4. Suppose -5*l + n + 4 = -1, -5*l + 10 = -2*n. Determine j(l).
-5
Let x = -8 - -10. Let u(j) = j + 2. Give u(x).
4
Let t(g) = -2 - g**3 - 3*g - 5*g**2 + 0 + 3. Let w(o) = -o**2 - o + 17. Let i be w(4). Give t(i).
-8
Let w(k) = -4*k**2 - 35*k**3 - 39*k**3 + k + 4 + 73*k**3. What is w(-4)?
0
Let t(i) = i**2 + 1. Let l(v) = 2*v**2 - 8*v + 7. Let r(h) = l(h) - t(h). Let f = 9 - 5. What is r(f)?
-10
Let o(l) be the third derivative of -l**6/120 - l**5/60 - l**4/24 + 2*l**3 - 10*l**2. Determine o(0).
12
Let m(o) = -3*o**3 + 1. Suppose 4*g - 5*d + d - 4 = 0, -2*d - 5 = -3*g. Suppose -5*u + g = 8. Determine m(u).
4
Let m(r) = -2*r. Suppose 4*b - 3*w + 10 = 0, -5*w + 6 + 9 = -5*b. Let p be m(b). Let f(g) = 0*g - 2*g**2 + g**2 + 4 + g + 0*g**p. Calculate f(3).
-2
Suppose 3*u + 2*u = 5. Let n(b) = -b**2. Let o(c) = -c**3 + 2*c**2 - 6. Let l(h) = u*o(h) + 3*n(h). What is l(0)?
-6
Let t(u) = 3*u - 2 + 1 - 4*u. Let a(p) be the second derivative of p**3/6 - 3*p**2/2 + 3*p. Let i be a(0). Calculate t(i).
2
Let y(t) = 2*t**2 - 6*t - 5. Let i(b) be the first derivative of -5*b**3/3 + 17*b**2/2 + 14*b - 1. Let v(l) = -3*i(l) - 8*y(l). Determine v(-3).
-2
Suppose 4*x + 4 = 8*x. Let u(h) = -h**2. Determine u(x).
-1
Let g be 6/(-2) - -4*1. Let s(u) = 0*u**2 - g + 0 + 2*u**2 + 3 - u. What is s(2)?
8
Let z = -131 + 134. Let h(w) = w**2 - 4*w - 1. Give h(z).
-4
Let m(g) = -g + 4. Suppose 0 = 5*b - 44 - 11. Let s = b + -7. Calculate m(s).
0
Let a(n) be the first derivative of -n**4/4 - 8*n**3/3 + 4*n**2 - 11*n - 1. Let q be a(-9). Let v(c) = c**2 - 1 + 2*c - 4 + 4. Determine v(q).
-1
Let h(l) = l**3 - l**2 + l - 1. Let t be h(0). Let p = 3 + t. Let r(o) = -p - o - o + o. Determine r(-2).
0
Suppose 2*i = 3*i. Suppose 3*k + x - 9 = i, -2*k - x + 5 = -k. Let u(f) be the first derivative of -f**4/2 + 4*f**3/3 - 3*f**2/2 + f - 16. Calculate u(k).
-5
Let c(a) = a**3 + 4*a**2 + 4*a + 2. Let v be (-2)/(11/3 - 3). Give c(v).
-1
Let m(h) = 7*h**2 - 15*h - 3. Let o(a) = -4*a**2 + 8*a + 1. Let v(u) = 3*m(u) + 5*o(u). What is v(6)?
2
Let j(a) be the third derivative of -a**5/60 - a**4/4 + 5*a**3/6 - 52*a**2. What is j(-7)?
-2
Let z(g) be the second derivative of -3*g**5/20 + g**4/6 - g**2/2 - 115*g. Let k = 1 + -2. Give z(k).
4
Let f(w) = -2*w**2 + w**2 + 2 + 2*w**2 - 457*w + 462*w. Suppose -x - 5 = 1. Give f(x).
8
Suppose 2*t = -4*t. Let x(r) = -r**3 + r - 13. Give x(t).
-13
Suppose 0*w - 5*w + 15 = 0. Let y(o) = -o + 5 - 5 - w. Give y(-2).
-1
Suppose 4*v = -3*u + 11 + 11, -4*u + 3*v = 4. Suppose 2*t = u*f + t - 7, 4*f - 11 = -t. Let n(o) = o + 1. Calculate n(f).
4
Let f(m) = -m**2 + 3. Let v be f(0). Suppose 0 = u - 5 + v. Let h(k) = -3*k + 2. Calculate h(u).
-4
Let k be 10/(-45) - 32/18. Let m be 3 + -2 - (1 - k). Let z(u) be the third derivative of -u**6/120 - u**5/30 - u**4/6 - u**3/2 - u**2. Determine z(m).
5
Let a(r) = -r**3 + 4*r**2 - 2*r - 2. Let f be a(3). Let z(k) = 2*k**2 + 1. What is z(f)?
3
Let n(w) be the first derivative of -w - 7/3*w**3 - 2 - 1/2*w**2. Calculate n(-1).
-7
Let o(j) = -5*j**3 + 3*j**3 - j**2 - 2*j**3. Let s = 19 - 18. Give o(s).
-5
Let v(k) = -7*k - 1. Let d(t) = t**3 - 10*t**2 + 27*t - 14. Let p be d(6). Give v(p).
-29
Let o(y) = -3*y. Suppose -4*a - 3 + 11 = 0. What is o(a)?
-6
Let n(o) = -2 + 6 + 0*o + o**2 - 1 + 4*o. Suppose -3*r = -2*r + 2. Give n(r).
-1
Let v(a) = 39 - a - 5 - 23. Calculate v(0).
11
Let l(g) = g**2 + 12*g + 11. Suppose -w = -4*o + 7*o + 10, -40 = 4*w + 4*o. Determine l(w).
-9
Let b(g) = g**2 - 7*g + 9. Let n be b(6). Let v = 4 - 4. Let x(t) = 0*t + 4 + v*t - t**3 + 2*t**2 + 2*t. What is x(n)?
1
Let r = -4 + 5. Let c be r/((-1)/(-1)) - -1. Let f(z) = 0 - c*z + 3*z + 8 + 1 - z**2. What is f(0)?
9
Suppose 0 = -b - 5. Let w(n) = -n**2 - 5*n + 5. What is w(b)?
5
Let h(x) = 3*x - 22. Let u(o) = 394 - o - o - 379. Suppose 2*z + 1 = 3*j, 4*j + 15 - 3 = 0. Let i(v) = z*h(v) - 7*u(v). What is i(6)?
-1
Let l = 18 - 18. Let o(v) = -64*v**2 - 2 - 5*v + 66*v**2 + 3*v + l. Let y(z) = 2*z**3 - z**2 + 2*z - 1. Let g be y(1). Give o(g).
2
Let u(r) = 5*r**2 - 2*r - 1. Suppose 6*x + 1 = 5*x. Let a be u(x). Let q(t) = -t**2 + 6*t. Give q(a).
0
Let t be (-1 + 0 - 1)*-2 + -4. Let o(y) be the third derivative of -1/6*y**3 + t + 0*y - 1/24*y**4 + 2*y**2. What is o(-2)?
1
Let m be (2 - 0)/(-4*(-9)/3). Let b(f) be the second derivative of 0 - f**2 + m*f**3 - f. Calculate b(4).
2
Let j(s) = -2*s - 6. Let k be j(-5). Let c(n) = -n + 1. Let u(v) = 4 + 2 + 0 - 5 - v. Let a(p) = -c(p) - u(p). Calculate a(k).
6
Let a(v) = 2*v**3 - 3*v**2 - 8*v - 19. Let b(w) = w**3 - w**2 - 4*w - 10. Let y(j) = 4*a(j) - 7*b(j). Give y(6).
6
Let x(j) = 3*j**2 - 17*j - 1. Let y be x(6). Let p(w) = -w**2 + 6*w - 7. Determine p(y).
-2
Suppose 0*w = 5*w - 25. Let h be 12/(-9)*(-3)/2. Let j(l) = 3 - 5*l + 0*l**2 - 1 + l**h. Give j(w).
2
Suppose 2*v + 8 = -4. Let j(a) = a**2 + 6*a + 9. Determine j(v).
9
Let a(o) = -208 + 106 + 109 - 4*o - o**3 - 6*o**2. Determine a(-5).
2
Suppose -5*s + 9 = -1. Let f(q) = -9*q - s + 2 + 0*q + 1. Give f(1).
-8
Let v(d) = -5*d**2 - 1. Let f(h) = -5 - h**2 + 1 - 5*h**2 - 10*h**2. Let y(l) = 2*f(l) - 7*v(l). Suppose 0 = -5*s - 0*s - 5. Calculate y(s).
2
Let g(y) be the third derivative of y**9/60480 - y**8/5040 - y**7/1680 + y**6/180 + y**5/30 + y**2. Let h(f) be the third derivative of g(f). Give h(4).
-8
Let q = 1 - 1. Let j(s) = 0*s + 3*s + q*s + 3*s. Let k(a) = -a - 3. Let w be